e 3, what is 1 - -1202100000?
1202100001
In base 2, what is -101000001001010 - 10?
-101000001001100
In base 8, what is 501 - 17471?
-16770
In base 14, what is -5d75 - -5?
-5d70
In base 14, what is -5 + 115a?
1155
In base 9, what is 2 - -108552?
108554
In base 15, what is -42 - 151?
-193
In base 14, what is -5 + 2539?
2534
In base 13, what is -4 + -a2b6?
-a2ba
In base 12, what is 2 + -121a3?
-121a1
In base 3, what is 101000111021 - -12?
101000111110
In base 12, what is 7b2 + -160?
652
In base 8, what is -141 + -1347?
-1510
In base 15, what is -24 - 10?
-34
In base 7, what is -3 - 22363?
-22366
In base 13, what is -41 + 737?
6c6
In base 11, what is -259 + -a3?
-351
In base 15, what is -12d5 + -b1?
-1396
In base 14, what is 5b3 + -dc?
4b5
In base 5, what is 202432340 + -4?
202432331
In base 16, what is -2693 - -b?
-2688
In base 3, what is 200 - -2022110?
2100010
In base 6, what is -1452 - -3305?
1413
In base 7, what is -1 - -54353?
54352
In base 2, what is -10011111 + -101111111?
-1000011110
In base 11, what is 20a - -192?
3a1
In base 2, what is -100 + 10100101000111010?
10100101000110110
In base 4, what is 22221 + -11?
22210
In base 2, what is 1000110110101110 + -1010100?
1000110101011010
In base 8, what is 3 - -222053?
222056
In base 14, what is -3759 + -33?
-378c
In base 13, what is -6 + -365?
-36b
In base 3, what is 11 + 1222212111?
1222212122
In base 8, what is 4 - -212312?
212316
In base 10, what is 62 - -1192?
1254
In base 5, what is 2 - -124224?
124231
In base 6, what is 234055 + 3?
234102
In base 13, what is -3797 + 4?
-3793
In base 16, what is 9eea + -2?
9ee8
In base 10, what is 171277 + 0?
171277
In base 6, what is -34 - -1130?
1052
In base 6, what is -22530 + 420?
-22110
In base 13, what is -5 - -696?
691
In base 4, what is -3220 - -102?
-3112
In base 7, what is -1310 - -11366?
10056
In base 4, what is 132101 + -2123?
123312
In base 10, what is -3824 + -38?
-3862
In base 10, what is -77 + 305?
228
In base 16, what is 3a + -1b5b?
-1b21
In base 11, what is 157814 - 5?
15780a
In base 12, what is -24605 + -2?
-24607
In base 16, what is 4c73e + 3?
4c741
In base 14, what is -188b76 + 8?
-188b6c
In base 16, what is -187d39 + 4?
-187d35
In base 12, what is 47056 + 1?
47057
In base 14, what is 112 + -d47?
-c35
In base 13, what is -5 - b8ba?
-b8c2
In base 8, what is -1777104 - -3?
-1777101
In base 13, what is -5587 + 2?
-5585
In base 4, what is -30313130 - -12?
-30313112
In base 12, what is 26197 - 3?
26194
In base 9, what is -353 + -163?
-526
In base 5, what is 2021144 - 0?
2021144
In base 11, what is 0 - -59759?
59759
In base 10, what is -1210438 + -3?
-1210441
In base 14, what is 6c69 + 2?
6c6b
In base 5, what is -3 - -1201402?
1201344
In base 4, what is -10103311 + -3?
-10103320
In base 10, what is -20 - -36117?
36097
In base 4, what is 3002 - -31221?
100223
In base 12, what is -90 - 11962?
-11a32
In base 16, what is 3e9 - 1f?
3ca
In base 6, what is 22112421 + 5?
22112430
In base 13, what is 5 - 3a53?
-3a4b
In base 8, what is -2336745 - 1?
-2336746
In base 16, what is -1aff + 2?
-1afd
In base 13, what is 0 + -2430?
-2430
In base 8, what is -3 - 33335?
-33340
In base 3, what is 20 - 1100022?
-1100002
In base 2, what is 100 - -11111110011100010?
11111110011100110
In base 5, what is 122012 - 344?
121113
In base 6, what is -13144 - 1?
-13145
In base 7, what is 1 - 2266624?
-2266623
In base 11, what is 13917 + 52?
13969
In base 15, what is c - 875?
-868
In base 6, what is -210 + 12201?
11551
In base 11, what is -3a8288 + -3?
-3a8290
In base 4, what is -1203 - 222?
-2031
In base 3, what is -1121202220022 + -11?
-1121202220110
In base 8, what is -65135 + -3?
-65140
In base 13, what is 137b91 + -3?
137b8b
In base 8, what is -2 - 3060712?
-3060714
In base 13, what is 2 + 7bb33?
7bb35
In base 2, what is 101 + -11010010010110?
-11010010010001
In base 8, what is 1030 + -37?
771
In base 15, what is 34395 + 2?
34397
In base 6, what is 4 - -1103420?
1103424
In base 7, what is 1130 + 15060?
16220
In base 4, what is -1 - 1211320?
-1211321
In base 14, what is -25006 - -11?
-24dd5
In base 2, what is 1000 + -1001101100110?
-1001101011110
In base 2, what is 10011101001110111 + -10?
10011101001110101
In base 4, what is 2131123 + -1200?
2123323
In base 16, what is 1eb0e - -4?
1eb12
In base 12, what is -521 - -129?
-3b4
In base 6, what is 14545 + -3?
14542
In base 12, what is 790 - 105?
687
In base 7, what is -161 + 5002?
4511
In base 2, what is 111000 - 111000011111011?
-111000011000011
In base 8, what is -40 - -30454?
30414
In base 4, what is 13 + -20313123?
-20313110
In base 12, what is 260 + -5a?
202
In base 2, what is 11010010 + -11000010001?
-10100111111
In base 6, what is 31 - -11543?
12014
In base 7, what is 131 - -46544?
50005
In base 15, what is a559 + -5?
a554
In base 2, what is -11101 - -10000110000011011?
10000101111111110
In base 10, what is -88 - 8633?
-8721
In base 3, what is 101102120121 + -1?
101102120120
In base 13, what is -9 - -6b31c?
6b313
In base 16, what is -23 - -e?
-15
In base 13, what is -5 - -334981?
334979
In base 8, what is -6 + 360213?
360205
In base 2, what is -101011000000010101011 - 100?
-101011000000010101111
In base 9, what is -358 - -645?
276
In base 2, what is 1000101100110111 + -101?
1000101100110010
In base 2, what is -1010 - -1000100000100100?
1000100000011010
In base 3, what is 200111022 + -10?
200111012
In base 12, what is 3b + 287?
306
In base 11, what is -2821 + -110?
-2931
In base 2, what is -100000010000111 + 100?
-100000010000011
In base 11, what is -1 - 6a0a8?
-6a0a9
In base 13, what is -24b0 - -154?
-2359
In base 6, what is 1 + 1024501?
1024502
In base 5, what is -3 + -21231?
-21234
In base 13, what is -cb592 - 5?
-cb597
In base 15, what is -5 - a6c?
-a72
In base 5, what is 200 - -123141?
123341
In base 12, what is a + -16176?
-16168
In base 7, what is -4 + 402315?
402311
In base 12, what is 1b79a - -6?
1b7a4
In base 14, what is -7bdc - 2?
-7c00
In base 13, what is -49 - 42a?
-476
In base 2, what is 10010 - -1001110100110?
1001110111000
In base 3, what is -1 + 1212100200?
1212100122
In base 10, what is 241032 - -1?
241033
In base 12, what is -1a52 - 504?
-2356
In base 7, what is -42651 + -202?
-43153
In base 10, what is -2 - -1713610?
1713608
In base 13, what is 0 + -8339?
-8339
In base 15, what is 1e8 - 592?
-399
In base 6, what is 1 + 3313531?
3313532
In base 6, what is 24 + -44?
-20
In base 11, what is -71a7 - 0?
-71a7
In base 3, what is -101011120121 - 1?
-101011120122
In base 10, what is -45 - 1469?
-1514
In base 15, what is 1725b - -3c?
17298
In base 9, what is -352046 + 3?
-352043
In base 6, what is 1 + 1552413?
1552414
In base 2, what is -1010100 + -1100010010?
-1101100110
In base 11, what is 9627 + -10?
9617
In base 16, what is -91 - cdc?
-d6d
In base 10, what is -8 + -36517?
-36525
In base 7, what is -4121 + -5?
-4126
In base 13, what is 20a8 - 7?
20a1
In base 9, what is -775103 - 5?
-775108
In base 10, what is -106 - 178?
-284
In base 15, what is -5 + 77482?
7747c
In base 3, what is -21010 + -2111101?
-2202111
In base 14, what is 60d - 26c?
381
In base 14, what is 1 + 1807?
1808
In base 10, what is -24 + -17142?
-17166
In base 4, what is -21 - -203232?
203211
In base 4, what is -13103231 - -11?
-13103220
In base 14, what is 2 + -23cc?
-23ca
In base 14, what is 5 + -1657?
-1652
In base 13, what is 13 + 12a59?
12a6c
In base 6, what is -1514 - 322?
-2240
In base 7, what is -12262 - 10?
-12302
In base 15, what is 271 + 3b?
2ac
In base 2, what is 110011 - 1010010001000?
-1010001010101
In base 16, what is -12dbf8 - 5?
-12dbfd
In base 15, what is 5 + 14be54?
14be59
In base 11, what is 5180 + 13?
5193
In base 11, what is -57826 - -3?
-57823
In base 2, what is 100011010100 + 1000?
100011011100
In base 9, what is -381 + -12564?
-13055
In base 8, what is -6 + -326477?
-326505
In base 10, what is 118047 - -6?
118053
In base 16, what is -2 + -98f3?
-98f5
In base 9, what is -2733 + 21?
-2712
In base 11, what is 4 - -40121?
40125
In base 9, what is -8 + 1103?
1084
In base 12, what is a - -1670b?
16719
In base 5, what is -2221140 + -10?
-2221200
In base 11, what is 908 + 344?
1151
In base 10, what is 8601 + -66?
8535
In base 4, what is -213 + 1002212?
1001333
In base 15, what is -2c + -4d79?
-4da6
In base 5, what i